at is 1100111122221 (base 3) in base 4?
2233123111
Convert 1303032 (base 5) to base 15.
77cc
72c34 (base 15) to base 9
614124
What is -3597a8 (base 11) in base 7?
-4560526
Convert 11001100001011110 (base 2) to base 6.
2123554
Convert 11011210100000 (base 3) to base 14.
41b0ac
Convert 5553512 (base 8) to base 14.
2ad73c
11111111101100 (base 2) to base 10
16364
What is -257762 (base 10) in base 7?
-2122331
Convert -828047 (base 12) to base 10.
-2046007
What is -4335242 (base 7) in base 13?
-157361
Convert 111011100011110 (base 2) to base 13.
10b59
What is a51b1 (base 16) in base 2?
10100101000110110001
Convert -c9d289 (base 14) to base 2.
-11010000100111001101001
What is -1b4f5 (base 16) in base 15?
-23226
-21012444 (base 6) to base 2
-10010100100010101100
Convert 6a2aa4 (base 15) to base 6.
300411514
Convert 142402116 (base 7) to base 12.
3175b73
What is 350642 (base 11) in base 12?
22a4b6
What is 175249 (base 14) in base 5?
202232123
What is -20102001 (base 5) in base 4?
-212332022
What is 25701 (base 16) in base 3?
21210100110
What is 16bd3 (base 15) in base 2?
10001111101001100
Convert -2b04b9 (base 15) to base 8.
-7730033
-47192a (base 11) to base 7
-6240043
Convert 48361 (base 10) to base 5.
3021421
Convert -10136053 (base 7) to base 14.
-1818d3
-5527262 (base 8) to base 10
-1486514
What is -31031411 (base 6) in base 12?
-36b567
Convert -147960 (base 10) to base 15.
-2dc90
What is -3593652 (base 10) in base 7?
-42355056
What is -37a33 (base 16) in base 4?
-313220303
Convert 210211000111 (base 3) to base 5.
102220034
Convert -12211003101 (base 4) to base 10.
-1724625
Convert -11105441 (base 6) to base 10.
-335617
Convert 164356 (base 12) to base 6.
12054150
Convert b5503 (base 12) to base 7.
2006205
Convert 10700962 (base 10) to base 14.
15c7aa6
Convert -24715465 (base 8) to base 11.
-3102690
What is 674782 (base 9) in base 8?
1424502
-188127 (base 9) to base 2
-11100101011100011
What is b1a8a (base 13) in base 14?
83d48
What is -16427 (base 11) in base 14?
-860c
What is 20020743 (base 8) in base 11?
2410840
What is 4244a1 (base 11) in base 13?
1aa31c
What is -b260a (base 16) in base 3?
-1101010020112
Convert 617c3 (base 14) to base 10.
234783
-294062 (base 10) to base 15
-5c1e2
What is b6b30b (base 13) in base 15?
598369
What is 30565 (base 12) in base 7?
351455
1046a4 (base 11) to base 10
167215
21111211110112 (base 3) to base 4
33032230112
What is -c227c9 (base 13) in base 8?
-21170754
1211011011010 (base 3) to base 2
11101100001101000110
Convert -171231 (base 12) to base 10.
-396037
What is -1120205 (base 6) in base 14?
-16b49
Convert 364504 (base 7) to base 13.
24325
-3027d (base 15) to base 5
-14334233
Convert -34114222 (base 5) to base 3.
-120022011002
Convert -414425 (base 6) to base 12.
-17415
-7a88a (base 15) to base 7
-3213121
Convert -111110101111011100011 (base 2) to base 12.
-831917
101000100111110000111 (base 2) to base 14
269131
54375 (base 10) to base 12
27573
Convert -252254 (base 8) to base 13.
-30908
Convert 3023621 (base 7) to base 5.
42442322
Convert 92bebc (base 16) to base 14.
13c4aa8
-343524 (base 7) to base 8
-167605
Convert 233443320 (base 5) to base 12.
43b9a0
Convert -345bc0 (base 13) to base 6.
-42333535
What is 1155322 (base 6) in base 2?
1111001010100010
What is -17ae0 (base 16) in base 7?
-552530
What is 1101011100001101001001 (base 2) in base 4?
31130031021
-23103101 (base 5) to base 3
-101111110202
-1333330 (base 4) to base 3
-102020021
What is -24509 (base 11) in base 12?
-18470
-736532 (base 8) to base 15
-4c93c
Convert -10111011101000000000100 (base 2) to base 5.
-3033214400
-932217 (base 11) to base 12
-601b00
33321121 (base 4) to base 16
fe59
Convert 197021 (base 10) to base 13.
6b8a6
What is 2e4ab5 (base 15) in base 11?
12a2573
111301231 (base 4) to base 11
61019
Convert -862aa (base 12) to base 14.
-48558
Convert 1233324331 (base 5) to base 6.
144513053
Convert 10010202331 (base 4) to base 11.
66988a
What is -2365376 (base 9) in base 13?
-35c1a5
What is -1aa145 (base 11) in base 7?
-2504455
What is -19c6bc9 (base 14) in base 6?
-1135225313
Convert 2cc73ab (base 13) to base 14.
1cc87ad
Convert -215559 (base 15) to base 10.
-1587459
Convert 34edc9 (base 15) to base 16.
269ead
Convert 1332313224 (base 5) to base 9.
6353340
What is 71dc76 (base 15) in base 13?
1176a29
What is -1111111101111101010 (base 2) in base 10?
-523242
What is -1b0 (base 14) in base 8?
-536
-1131144 (base 6) to base 13
-20899
100010220201211 (base 3) to base 4
102202202101
Convert 202020011011200 (base 3) to base 11.
6082671
What is 126163 (base 7) in base 9?
35531
What is -25414063 (base 7) in base 4?
-20303011021
33102 (base 12) to base 7
400622
What is 113463 (base 8) in base 12?
1a497
What is 130011110003 (base 4) in base 16?
705503
What is -25604460 (base 8) in base 4?
-111300210300
Convert -2090d (base 16) to base 2.
-100000100100001101
What is -10101010111000110010 (base 2) in base 14?
-14312a
Convert 2011111202000 (base 3) to base 14.
21d995
What is 10131211112 (base 4) in base 9?
2172532
Convert -220120122 (base 4) to base 5.
-20243102
What is -1022012300 (base 4) in base 2?
-1001010000110110000
What is -54111145 (base 6) in base 15?
-217bc2
Convert 12225202 (base 7) to base 9.
2054571
360573 (base 10) to base 13
c8175
Convert -74434 (base 9) to base 15.
-e89d
What is -101000100011110101 (base 2) in base 3?
-22102220002
What is 23202134 (base 7) in base 16?
1f0ae7
What is 120000112112 (base 3) in base 5?
33430022
What is -58c5 (base 13) in base 14?
-47aa
What is -2001211111 (base 3) in base 7?
-226444
What is -321358 (base 12) in base 11?
-49a760
What is -1818e3 (base 15) in base 13?
-31c58a
-1818854 (base 10) to base 15
-25ddbe
15110434 (base 7) to base 8
5353261
504035 (base 7) to base 5
10213213
Convert -101010011011101 (base 2) to base 10.
-21725
What is -425180 (base 12) in base 15?
-159c70
-88936 (base 12) to base 11
-114031
What is 100100010001001011001 (base 2) in base 9?
2211210
What is 4232979 (base 10) in base 5?
2040423404
Convert -1337a42 (base 12) to base 15.
-50359e
Convert 757212 (base 9) to base 11.
289186
What is 37676 (base 13) in base 11?
6a845
Convert 11001100110000111111 (base 2) to base 8.
3146077
-436207 (base 12) to base 13
-2b5292
Convert -22201210112101 (base 3) to base 2.
-10001101101000110110010
-102001202021201 (base 3) to base 10
-5880322
Convert -f2ff (base 16) to base 3.
-10011022222
11c1c0 (base 13) to base 16
6822f
773271 (base 9) to base 12
1a3217
What is -12433230 (base 5) in base 10?
-124190
-11200320 (base 4) to base 13
-a383
Convert 4b574 (base 15) to base 3.
110020101201
What is -247513 (base 10) in base 7?
-2050420
What is 49430 (base 14) in base 13?
63737
What is 100782 (base 14) in base 3?
1000101210110
211122022010 (base 3) to base 11
2848a6
What is -5154432 (base 6) in base 16?
-3caf4
-38207b (base 16) to base 10
-3678331
Convert -8d079 (base 14) to base 8.
-1236103
What is -1211132022 (base 4) in base 11?
-2642a2
100101101100110111110 (base 2) to base 12
4b6b12
Convert 102101011002 (base 3) to base 4.
312222221
Convert ba93b (base 14) to base 15.
8dd23
Convert 225d04 (base 14) to base 12.
484440
881141 (base 9) to base 5
113310402
-20112100001 (base 3) to base 11
-88642
Convert 1ade10 (base 15) to base 4.
11000132121
What is -3322101323 (base 4) in base 6?
-33550015
What is 55c246 (base 13) in base 12?
81857a
What is -10100101010010110011100 (base 2) in base 4?
-110222112130
-100265305 (base 7) to base 6
-324343504
Convert 1631c4 (base 16) to base 13.
3bc091
-4323661 (base 7) to base 8
-2005521
Convert -2223200 (base 4) to base 15.
-33bb
-4535001 (base 6) to base 14
-5ddc5
-111010000010000100 (base 2) to base 5
-30101300
What is -144471 (base 9) in base 2?
-10101101000010101
What is 23113031213 (base 4) in base 14?
577739
What is 4257240 (base 9) in base 2?
1000101101000111110000
What is 1544581 (base 9) in base 5?
204400244
40141 (base 6) to base 7
21202
What is 9adc7 (base 15) in base 7?
4120552
What is 2c101 (base 16) in base 6?
3511321
Convert 593ca (base 16) to base 15.
73479
Convert 1220220 (base 7) to base 3.
21221020100
Convert 7096d (base 14) to base 4.
1002012311
What is -5069b2 (base 13) in base 7?
-21622503
Convert 12922 (base 11) to base 16.
47f0
-1432003033